t common divisor of 280 and r?
56
Let g be (-4)/((-20)/5 + 3). Let r be 4/(g/(-3)) + 24. Suppose 6*m = r + 33. What is the greatest common divisor of m and 27?
9
Suppose 5*k = -i + 213 + 125, 78 = k - 5*i. Let w be 56/21*(-102)/(-4). Suppose w = 5*h - h. What is the greatest common divisor of k and h?
17
Suppose 5*a = 2*p - 343, 0 = 3*a - 4*a + 3*p - 79. Let u = -61 - a. Suppose 54 = 8*k + u. Calculate the highest common divisor of k and 54.
6
Let s(w) = -181*w + 384. Let o be s(1). Calculate the highest common factor of o and 21.
7
Suppose -10 = -2*y + 20. Let h(w) = 9 + 2*w - 358*w**2 + 359*w**2 - 3*w. Let v be h(3). What is the highest common divisor of v and y?
15
Let c = 5 + 1. Let r(k) = k**3 + 14*k**2 + 7*k - 6. Let s be r(-5). Let f = 250 - s. Calculate the highest common factor of f and c.
6
Let t be (48/(-18))/((-1)/3). Let r(b) = 13*b - 86. Let k be r(7). Suppose 5*i - 10 = -k*i. Calculate the greatest common divisor of i and t.
1
Let d be ((-14)/(-392)*7)/((-3)/12)*-1080. What is the highest common divisor of 640 and d?
40
Let b = 1384 - 814. Calculate the highest common divisor of 266 and b.
38
Suppose 2*p + 143 = 3*t, -4*p + 183 = 4*t + p. Suppose z = 5*s + 121, 73 = s + 69. What is the highest common divisor of z and t?
47
Let u = 13057 - 11260. Calculate the highest common divisor of 6 and u.
3
Suppose 0 = c - b - 3, 0 = -19*c + 17*c - 3*b + 16. Suppose -h + 146 = -j, -j - c = 2*h - 303. Calculate the greatest common factor of h and 37.
37
Let c(p) = 9*p - 1. Suppose -4*m = m - 3*b - 3, m + 1 = b. Let y be c(m). Let h = -2649 - -2701. What is the highest common factor of y and h?
26
Suppose -50 + 65 = -33*j + 81. Let s = 11 + -6. Let m be s + (-3 - (-4 + -1)). What is the highest common factor of j and m?
1
Let p(k) = -k**2 - 12*k + 2. Let l be 144/(-14) - 8/(-28). Let o be p(l). Let g = -7959 + 7961. What is the greatest common factor of g and o?
2
Let k(j) = -3*j**3 - 32*j**2 + 32*j - 104. Let s be k(-13). Calculate the greatest common factor of s and 741.
39
Let x be (-7)/(-5)*(24 - 9). Suppose -5*l = 2*j - 25, 16*l - x*l - j = -30. What is the greatest common factor of 63 and l?
7
Let l(c) = -7*c**2 - 719*c + 1720. Let y be l(-105). Suppose 21 = -4*p + 53. Let s be ((-12)/p)/((-3)/200). What is the highest common factor of y and s?
20
Suppose 0 = 83*l - 222558 - 138658. Calculate the greatest common factor of l and 34.
34
Suppose -s + 3 = 1. Suppose 5*r + 4 = 2*r + 5*x, s*r + x = 6. Suppose r*a = 2*p + 10, -5*a + 55 = -5*p + 6*p. Calculate the highest common divisor of 150 and a.
10
Suppose -3*j + 3891 = 9*g, j + 81*g - 1282 = 83*g. Calculate the greatest common factor of j and 3703.
161
Let h(j) = j**3 - 25*j**2 + 36. Let b be h(25). Let o be 8/b*-3*-39. What is the greatest common factor of o and 6?
2
Let l be (3 + (-36)/42)/((-36)/(-252)). What is the highest common factor of l and 3240?
15
Let n = 490 + -471. Suppose n*j - 9693 = -497. Calculate the highest common factor of 44 and j.
44
Let i = -529 - -532. Let l(c) = 2*c**2 - 25*c + 69. Let b be l(i). What is the greatest common factor of b and 408?
12
Let j = 5135 + -4563. Calculate the greatest common factor of 44 and j.
44
Let k be 10/(-65) - (69/(-39))/(6/204). Calculate the greatest common divisor of 320 and k.
20
Suppose 2*s = 4*q - 5*q + 234, 5*q - 4*s = 1212. Let i be 10/(q/42)*8. Calculate the highest common divisor of 378 and i.
14
Let k be (23 + 140/(-4))/(-2 + (-1784)/(-893)). What is the highest common factor of 846 and k?
282
Suppose -455 = -5*g + 240. Let d = 151 - g. What is the highest common factor of d and 6?
6
Let f(h) = 5*h**2 - 54*h + 144. Let z be f(12). Suppose -5*a + 87 = x, x - 60 = 3*a + 3. What is the highest common factor of x and z?
72
Suppose 17 = -7*b + 38. Suppose -b*t = -2*t - 7. Suppose -t*r + 8*r = 44. Calculate the greatest common divisor of 88 and r.
44
Let r(m) = -25*m - 2. Let v be r(-2). Let n be 104*(4/24)/((-1)/(-9)). What is the highest common divisor of n and v?
12
Let v(i) = -12*i + 8*i + 2*i**3 - 6 + 5*i**2 - 10*i**2. Let x be v(6). What is the greatest common divisor of x and 6?
6
Let q(s) = s**2 + 22*s + 19. Let v be q(-21). Let g(z) = z**3 + 3*z**2 - 2. Let n be g(v). Calculate the highest common divisor of n and 38.
2
Suppose -34 = -2*d - 3*j, -3*d - 8*j + 7*j = -37. What is the greatest common divisor of d and 407?
11
Let p(g) = 6*g - 3. Let t be p(5). Suppose -2*m = -5*s - 5*m, 0 = -3*s - 3*m. Suppose s = -21*r + 36*r - 1620. What is the highest common divisor of t and r?
27
Let j = -9217 - -9219. Calculate the greatest common divisor of 9794 and j.
2
Let k(q) = 3*q + 1. Let m(d) = -d. Let o(g) = -3*k(g) - 5*m(g). Let c be o(5). Let f = 40 + c. What is the highest common factor of f and 153?
17
Let s = 8812 + -8774. What is the greatest common divisor of 1235 and s?
19
Suppose 2*s - 3*s - 5*n = 0, -10*s + 3*n = -318. What is the greatest common factor of 810 and s?
30
Let b = -22 + 42. Suppose 6 = 6*m - 6. Suppose s = 0, m*u - 4*s - 18 = -2. What is the greatest common factor of u and b?
4
Let h be (10/2)/(13 + (-22967)/1768). Calculate the highest common factor of h and 1000.
40
Let u = 72 + -37. Let d be (130/25)/(7/u). Calculate the highest common divisor of d and 234.
26
Let y be (-20 + 4 - -3) + 6 + -2. Let k(m) = -m + 43. Let x be k(y). Calculate the highest common factor of x and 13.
13
Let n be (22 - 5)/(2/(-14)*1). Let h = n + 189. Suppose h = 17*f - 15*f. What is the highest common factor of 14 and f?
7
Let d be 16/(-12) - (-14)/21 - 14/(-3). What is the highest common divisor of d and 140?
4
Let b(r) = 523*r**2 - 156*r - 159. Let v be b(-1). Calculate the highest common factor of 256 and v.
8
Let h = 34 - -245. What is the greatest common factor of h and 62?
31
Suppose 135 = -30*m + 32*m + 3*y, -2*m + 4*y = -170. What is the highest common factor of 6 and m?
3
Suppose -2*h - i + 8 = 0, 16*h - 18*h + 2*i = -14. What is the highest common factor of 535 and h?
5
Let n = 280 - 270. Suppose j + 4 = -j. Let o be -1 + 0 + j + 7. Calculate the highest common divisor of n and o.
2
Let n(m) = m**2 - 9*m + 17. Let q be n(3). Let f be q + 5 + 12348/18. Calculate the greatest common factor of 30 and f.
30
Let z be ((-1015)/(-2))/(-5)*708/(-826). Suppose -4*n + 3*d = 140, 3*d - 180 = 5*n - 2*d. Let p = n + z. Calculate the greatest common factor of 33 and p.
11
Suppose -20*h + 11*h = -6255. Suppose -8*a = -4079 + h. Calculate the greatest common factor of a and 47.
47
Suppose 6738*q - 6728*q = 813 + 787. What is the highest common divisor of q and 2260?
20
Suppose -3*q + 5*d + 55 = -6, -q + 17 = -5*d. Let z = -30904 - -31146. Calculate the greatest common factor of z and q.
22
Let v(h) = 4*h**2 + 106*h + 992. Let x be v(-8). Calculate the highest common divisor of 900 and x.
100
Suppose n + 4*u - 10505 + 2959 = 0, 0 = 4*n - 2*u - 30166. Calculate the greatest common factor of 144 and n.
18
Suppose -3*s + 17 = 2*b, -s - 4*b = -5*b - 4. Suppose 3*v - f - 26 = -s, -v + f + 5 = 0. What is the highest common factor of v and 20?
4
Suppose 0 = -s + 1, 29*s - 11105 = -5*p + 34*s. Calculate the highest common factor of 11 and p.
11
Let u be (-732)/(-14) - 26/91. Suppose -4*l - 160 = -u. Let o = -24 - l. What is the greatest common divisor of 2 and o?
1
Let r(y) be the second derivative of y**5/20 - 5*y**4/6 - 23*y**3/6 + 9*y**2/2 + 15*y - 1. Let z be r(12). What is the highest common divisor of z and 9?
3
Let z(n) = 1363 - 1200 + n - 3*n. Let i be z(5). Calculate the greatest common divisor of 54 and i.
9
Let d(f) = 16*f - 56. Let r be d(4). Let j(g) = 2*g**3 - 10*g**2 - 6*g - 1. Let o be j(r). What is the highest common divisor of o and 67?
67
Let v(l) = l**2 + l + 101. Let x be v(-18). Calculate the greatest common factor of 259 and x.
37
Let u(w) = -w**3 - 5*w**2 + 69*w + 5. Let m be u(-16). What is the greatest common divisor of 303 and m?
101
Let w(x) = -352*x**3. Let u(k) = 2*k**2 + k. Let s be u(-1). Let r be w(s). Let h be 4/6 - r/48. What is the greatest common divisor of h and 4?
4
Suppose 6*k - 1155 = 5*k. Let c be 2/(-4) + k/22. Calculate the highest common divisor of 468 and c.
52
Let h(k) = k**2 + 8*k + 27. Suppose -x - 25 = 4*x. Let m be h(x). What is the highest common divisor of m and 24?
12
Let u = -24 + 2